{"id":79,"date":"2024-03-21T08:18:59","date_gmt":"2024-03-21T07:18:59","guid":{"rendered":"http:\/\/fundacionasturies.org\/psla\/?page_id=79"},"modified":"2024-03-25T12:27:13","modified_gmt":"2024-03-25T11:27:13","slug":"sidracrucis","status":"publish","type":"page","link":"https:\/\/fundacionasturies.org\/psla\/sidracrucis\/","title":{"rendered":"Sidracrucis"},"content":{"rendered":"<style>\/*! elementor - v3.20.0 - 13-03-2024 *\/<br \/>.elementor-widget-image{text-align:center}.elementor-widget-image a{display:inline-block}.elementor-widget-image a img[src$=\".svg\"]{width:48px}.elementor-widget-image img{vertical-align:middle;display:inline-block}<\/style>\n<p><img fetchpriority=\"high\" decoding=\"async\" src=\"https:\/\/fundacionasturies.org\/psla\/wp-content\/uploads\/2024\/03\/1680943185791.jpg\" sizes=\"(max-width: 1600px) 100vw, 1600px\" srcset=\"https:\/\/fundacionasturies.org\/psla\/wp-content\/uploads\/2024\/03\/1680943185791.jpg 1600w, https:\/\/fundacionasturies.org\/psla\/wp-content\/uploads\/2024\/03\/1680943185791-300x225.jpg 300w, https:\/\/fundacionasturies.org\/psla\/wp-content\/uploads\/2024\/03\/1680943185791-1024x768.jpg 1024w, https:\/\/fundacionasturies.org\/psla\/wp-content\/uploads\/2024\/03\/1680943185791-768x576.jpg 768w, https:\/\/fundacionasturies.org\/psla\/wp-content\/uploads\/2024\/03\/1680943185791-1536x1152.jpg 1536w\" alt=\"\" width=\"1600\" height=\"1200\" \/><br \/>\n<span style=\"font-size: 14pt;\"><strong>El Sidracrucis es la aut\u00e9ntica procesi\u00f3n sidrera, con pinchos para el cuerpo y sidra para el alma<\/strong><\/span><br \/>\n<span style=\"font-size: 14pt;\">Diez horas seguidas de fiesta sidrera con traslados en autocar, sidra en abundancia, pinchos en cada sidrer\u00eda, espicha final, m\u00fasica del pa\u00eds y muchas, muchas ganas de pasarlo bien en buena compa\u00f1\u00eda.<\/span><\/p>\n<p><strong>INSCRIPCIONES<br \/>\n<\/strong><br \/>\nEl precio -todo incluido- es de 75 \u20ac por persona<br \/>\nEl ingreso hay que hacerlo poniendo el nombre del participante y tel\u00e9fono de contacto en el n\u00famero de cuenta de la\u00a0<strong>Fundaci\u00f3n Asturies XXI:\u00a0\u00a0<\/strong><br \/>\n<strong>ES 09\u00a0 0081\u00a0 5157\u00a0 600001228623<\/strong><br \/>\nPara apuntarse y m\u00e1s informaci\u00f3n:<\/p>\n<ul>\n<li><strong>LA SIDRA<\/strong>\n<ul>\n<li>T\/ Whatsapp: 652 594 983\u00a0 o\u00a0 684644711<\/li>\n<li>Correo electr\u00f3nico: adlasidra@gmail.com<\/li>\n<\/ul>\n<\/li>\n<\/ul>\n<p>El recorrido y los horarios -sujetos a posibles variaciones- ser\u00e1 el siguiente:<\/p>\n<ul>\n<li>11:30 Pza Gral Primo de Rivera Uvi\u00e9u<\/li>\n<li>12 A 12:30 oficina LA SIDRA, reparto de credenciales, instruciones y primeros culinos. Ensayu del Xerman\u00edn.<\/li>\n<\/ul>\n<p>&nbsp;<\/p>\n<ul>\n<li><strong>PRIMERA ETAPA: CHIGRES DE XIX\u00d3N<\/strong>\n<ul>\n<li><img decoding=\"async\" class=\"alignleft\" src=\"https:\/\/fundacionasturies.org\/psla\/wp-content\/uploads\/2024\/03\/IMG_20230407_130352-300x138.jpg\" alt=\"\" width=\"241\" height=\"111\" \/><\/li>\n<li>12:30 a 13:00 h.\u00a0 \u00a0 \u00a0\u00a0<strong>Sidrer\u00eda La Montera Picona de Ram\u00f3n<\/strong>. Barra libre de sidra y pinchos.<\/li>\n<li>13:00 a 13:30 h.\u00a0 \u00a0 \u00a0 <strong>Sidrer\u00eda El Mostachu. <\/strong>\u00a0 \u00a0 Barra libre de sidra y pinchos.<\/li>\n<li>13:30 a 14:00 h.\u00a0 \u00a0 \u00a0\u00a0<strong>Sidrer\u00eda Tr\u00e9bol.\u00a0 \u00a0 <\/strong>Barra libre de sidra y pinchos.<\/li>\n<\/ul>\n<\/li>\n<\/ul>\n<p>&nbsp;<\/p>\n<ul>\n<li><strong><img decoding=\"async\" class=\"alignleft\" src=\"https:\/\/fundacionasturies.org\/psla\/wp-content\/uploads\/2024\/03\/IGP2215-anikina-300x199.jpg\" alt=\"\" width=\"300\" height=\"199\" \/>SEGUNDA ETAPA: AVITUALLAMIENTO<\/strong>\n<ul>\n<li>14:30 a 16:30 h.\u00a0 \u00a0 \u00a0 <strong>XIV Primer Sidre L\u2019A\u00f1u<\/strong>.\u00a0 All\u00ed se repartir\u00e1 la comida\u00a0 y se podr\u00e1 disfrutar de las actividades de la PSLA mientras se prueba toda la sidra que se quiera de los llagares participantes.<\/li>\n<\/ul>\n<\/li>\n<\/ul>\n<p>&nbsp;<\/p>\n<p>&nbsp;<\/p>\n<p>&nbsp;<\/p>\n<ul>\n<li><strong><img loading=\"lazy\" decoding=\"async\" class=\"alignleft\" src=\"https:\/\/fundacionasturies.org\/psla\/wp-content\/uploads\/2024\/03\/WhatsApp-Image-2023-04-07-at-22.54.30-300x138.jpeg\" alt=\"\" width=\"300\" height=\"138\" \/>TERCERA ETAPA &#8211; VILLAVICIOSA<\/strong>\n<ul>\n<li>16:30 a 17:30 h\u00a0 \u00a0 \u00a0 \u00a0 <strong>Llagar Cortina. <\/strong>Visita guiada al llagar y degustaci\u00f3n de su sidra.<\/li>\n<\/ul>\n<\/li>\n<\/ul>\n<p>&nbsp;<\/p>\n<p>&nbsp;<\/p>\n<ul>\n<li><strong><img loading=\"lazy\" decoding=\"async\" class=\"alignleft\" src=\"https:\/\/fundacionasturies.org\/psla\/wp-content\/uploads\/2024\/03\/IMG_20230407_173825-300x138.jpg\" alt=\"\" width=\"300\" height=\"138\" \/>CUARTA ETAPA &#8211; NAVA<\/strong>\n<ul>\n<li>17:30 a 18:15 h.\u00a0 \u00a0 \u00a0\u00a0<strong>Mus\u00e9u de la Sidre<\/strong><\/li>\n<li>18:15 a 18:45 h.\u00a0 \u00a0 \u00a0 \u00a0<strong>Sidrer\u00eda Florida\u00a0<\/strong>\u00a0 \u00a0 \u00a0 Barra libre de sidra y pinchos.<\/li>\n<li>18:45 a 19:15 h.\u00a0 \u00a0 \u00a0 \u00a0<strong>Sidrer\u00eda Plaza\u00a0\u00a0<\/strong>\u00a0 \u00a0 Barra libre de sidra y pinchos.\n<ul>\n<li><\/li>\n<\/ul>\n<\/li>\n<li><\/li>\n<li><\/li>\n<\/ul>\n<\/li>\n<li><strong><img loading=\"lazy\" decoding=\"async\" class=\"alignleft\" src=\"https:\/\/fundacionasturies.org\/psla\/wp-content\/uploads\/2024\/03\/1680943185822-300x225.jpg\" alt=\"\" width=\"251\" height=\"188\" \/>ESPICHA FINAL<\/strong>\n<ul>\n<li>19:45 a 22:00\u00a0 h.<\/li>\n<\/ul>\n<\/li>\n<\/ul>\n<p>&nbsp;<\/p>\n<p>&nbsp;<\/p>\n<p>&nbsp;<\/p>\n<ul>\n<li><\/li>\n<li>\u00a0VUELTA\n<ul>\n<li>22:00 h.\u00a0 \u00a0 \u00a0 Regreso en bus a Xix\u00f3n y Uvi\u00e9u<\/li>\n<\/ul>\n<\/li>\n<\/ul>\n<p><strong>Como es habitual, el n\u00famero de plazas est\u00e1 limitado y se seguir\u00e1 un riguroso orden de inscripci\u00f3n, por lo que quien est\u00e9 interesado\/a tendr\u00e1 que estar muy atento!!!<\/strong><\/p>\n<ul>\n<li>\n<ul>\n<li><\/li>\n<\/ul>\n<\/li>\n<\/ul>\n<p><img loading=\"lazy\" decoding=\"async\" src=\"https:\/\/www.lasidra.as\/wp-content\/uploads\/2024\/03\/WhatsApp-Image-2024-03-03-at-11.16.06-1-300x300.jpeg\" sizes=\"(max-width: 300px) 100vw, 300px\" srcset=\"https:\/\/www.lasidra.as\/wp-content\/uploads\/2024\/03\/WhatsApp-Image-2024-03-03-at-11.16.06-1-300x300.jpeg 300w, https:\/\/www.lasidra.as\/wp-content\/uploads\/2024\/03\/WhatsApp-Image-2024-03-03-at-11.16.06-1-150x150.jpeg 150w, https:\/\/www.lasidra.as\/wp-content\/uploads\/2024\/03\/WhatsApp-Image-2024-03-03-at-11.16.06-1-100x100.jpeg 100w, https:\/\/www.lasidra.as\/wp-content\/uploads\/2024\/03\/WhatsApp-Image-2024-03-03-at-11.16.06-1.jpeg 500w\" alt=\"\" width=\"300\" height=\"300\" \/><\/p>\n","protected":false},"excerpt":{"rendered":"<p>El Sidracrucis es la aut\u00e9ntica procesi\u00f3n sidrera, con pinchos para el cuerpo y sidra para el alma Diez horas seguidas de fiesta sidrera con traslados en autocar, sidra en abundancia, pinchos en cada sidrer\u00eda, espicha final, m\u00fasica del pa\u00eds y muchas, muchas ganas de pasarlo bien en buena compa\u00f1\u00eda. INSCRIPCIONES El precio -todo incluido- es [&hellip;]<\/p>\n","protected":false},"author":1,"featured_media":143,"parent":0,"menu_order":0,"comment_status":"closed","ping_status":"closed","template":"elementor_header_footer","meta":{"footnotes":""},"class_list":["post-79","page","type-page","status-publish","has-post-thumbnail","hentry"],"yoast_head":"<!-- This site is optimized with the Yoast SEO plugin v22.3 - https:\/\/yoast.com\/wordpress\/plugins\/seo\/ -->\n<title>Sidracrucis -<\/title>\n<meta name=\"robots\" content=\"index, follow, max-snippet:-1, max-image-preview:large, max-video-preview:-1\" \/>\n<link rel=\"canonical\" href=\"https:\/\/fundacionasturies.org\/psla\/sidracrucis\/\" \/>\n<meta property=\"og:locale\" content=\"es_ES\" \/>\n<meta property=\"og:type\" content=\"article\" \/>\n<meta property=\"og:title\" content=\"Sidracrucis -\" \/>\n<meta property=\"og:description\" content=\"El Sidracrucis es la aut\u00e9ntica procesi\u00f3n sidrera, con pinchos para el cuerpo y sidra para el alma Diez horas seguidas de fiesta sidrera con traslados en autocar, sidra en abundancia, pinchos en cada sidrer\u00eda, espicha final, m\u00fasica del pa\u00eds y muchas, muchas ganas de pasarlo bien en buena compa\u00f1\u00eda. INSCRIPCIONES El precio -todo incluido- es [&hellip;]\" \/>\n<meta property=\"og:url\" content=\"https:\/\/fundacionasturies.org\/psla\/sidracrucis\/\" \/>\n<meta property=\"article:modified_time\" content=\"2024-03-25T11:27:13+00:00\" \/>\n<meta property=\"og:image\" content=\"https:\/\/fundacionasturies.org\/psla\/wp-content\/uploads\/2024\/03\/IMG_20230407_183358-scaled.jpg\" \/>\n\t<meta property=\"og:image:width\" content=\"2560\" \/>\n\t<meta property=\"og:image:height\" content=\"1182\" \/>\n\t<meta property=\"og:image:type\" content=\"image\/jpeg\" \/>\n<meta name=\"twitter:card\" content=\"summary_large_image\" \/>\n<meta name=\"twitter:label1\" content=\"Tiempo de lectura\" \/>\n\t<meta name=\"twitter:data1\" content=\"2 minutos\" \/>\n<script type=\"application\/ld+json\" class=\"yoast-schema-graph\">{\"@context\":\"https:\/\/schema.org\",\"@graph\":[{\"@type\":\"WebPage\",\"@id\":\"https:\/\/fundacionasturies.org\/psla\/sidracrucis\/\",\"url\":\"https:\/\/fundacionasturies.org\/psla\/sidracrucis\/\",\"name\":\"Sidracrucis -\",\"isPartOf\":{\"@id\":\"https:\/\/fundacionasturies.org\/psla\/#website\"},\"primaryImageOfPage\":{\"@id\":\"https:\/\/fundacionasturies.org\/psla\/sidracrucis\/#primaryimage\"},\"image\":{\"@id\":\"https:\/\/fundacionasturies.org\/psla\/sidracrucis\/#primaryimage\"},\"thumbnailUrl\":\"https:\/\/fundacionasturies.org\/psla\/wp-content\/uploads\/2024\/03\/IMG_20230407_183358-scaled.jpg\",\"datePublished\":\"2024-03-21T07:18:59+00:00\",\"dateModified\":\"2024-03-25T11:27:13+00:00\",\"breadcrumb\":{\"@id\":\"https:\/\/fundacionasturies.org\/psla\/sidracrucis\/#breadcrumb\"},\"inLanguage\":\"es\",\"potentialAction\":[{\"@type\":\"ReadAction\",\"target\":[\"https:\/\/fundacionasturies.org\/psla\/sidracrucis\/\"]}]},{\"@type\":\"ImageObject\",\"inLanguage\":\"es\",\"@id\":\"https:\/\/fundacionasturies.org\/psla\/sidracrucis\/#primaryimage\",\"url\":\"https:\/\/fundacionasturies.org\/psla\/wp-content\/uploads\/2024\/03\/IMG_20230407_183358-scaled.jpg\",\"contentUrl\":\"https:\/\/fundacionasturies.org\/psla\/wp-content\/uploads\/2024\/03\/IMG_20230407_183358-scaled.jpg\",\"width\":2560,\"height\":1182},{\"@type\":\"BreadcrumbList\",\"@id\":\"https:\/\/fundacionasturies.org\/psla\/sidracrucis\/#breadcrumb\",\"itemListElement\":[{\"@type\":\"ListItem\",\"position\":1,\"name\":\"Portada\",\"item\":\"https:\/\/fundacionasturies.org\/psla\/\"},{\"@type\":\"ListItem\",\"position\":2,\"name\":\"Sidracrucis\"}]},{\"@type\":\"WebSite\",\"@id\":\"https:\/\/fundacionasturies.org\/psla\/#website\",\"url\":\"https:\/\/fundacionasturies.org\/psla\/\",\"name\":\"\",\"description\":\"\",\"potentialAction\":[{\"@type\":\"SearchAction\",\"target\":{\"@type\":\"EntryPoint\",\"urlTemplate\":\"https:\/\/fundacionasturies.org\/psla\/?s={search_term_string}\"},\"query-input\":\"required name=search_term_string\"}],\"inLanguage\":\"es\"}]}<\/script>\n<!-- \/ Yoast SEO plugin. -->","yoast_head_json":{"title":"Sidracrucis -","robots":{"index":"index","follow":"follow","max-snippet":"max-snippet:-1","max-image-preview":"max-image-preview:large","max-video-preview":"max-video-preview:-1"},"canonical":"https:\/\/fundacionasturies.org\/psla\/sidracrucis\/","og_locale":"es_ES","og_type":"article","og_title":"Sidracrucis -","og_description":"El Sidracrucis es la aut\u00e9ntica procesi\u00f3n sidrera, con pinchos para el cuerpo y sidra para el alma Diez horas seguidas de fiesta sidrera con traslados en autocar, sidra en abundancia, pinchos en cada sidrer\u00eda, espicha final, m\u00fasica del pa\u00eds y muchas, muchas ganas de pasarlo bien en buena compa\u00f1\u00eda. INSCRIPCIONES El precio -todo incluido- es [&hellip;]","og_url":"https:\/\/fundacionasturies.org\/psla\/sidracrucis\/","article_modified_time":"2024-03-25T11:27:13+00:00","og_image":[{"width":2560,"height":1182,"url":"https:\/\/fundacionasturies.org\/psla\/wp-content\/uploads\/2024\/03\/IMG_20230407_183358-scaled.jpg","type":"image\/jpeg"}],"twitter_card":"summary_large_image","twitter_misc":{"Tiempo de lectura":"2 minutos"},"schema":{"@context":"https:\/\/schema.org","@graph":[{"@type":"WebPage","@id":"https:\/\/fundacionasturies.org\/psla\/sidracrucis\/","url":"https:\/\/fundacionasturies.org\/psla\/sidracrucis\/","name":"Sidracrucis -","isPartOf":{"@id":"https:\/\/fundacionasturies.org\/psla\/#website"},"primaryImageOfPage":{"@id":"https:\/\/fundacionasturies.org\/psla\/sidracrucis\/#primaryimage"},"image":{"@id":"https:\/\/fundacionasturies.org\/psla\/sidracrucis\/#primaryimage"},"thumbnailUrl":"https:\/\/fundacionasturies.org\/psla\/wp-content\/uploads\/2024\/03\/IMG_20230407_183358-scaled.jpg","datePublished":"2024-03-21T07:18:59+00:00","dateModified":"2024-03-25T11:27:13+00:00","breadcrumb":{"@id":"https:\/\/fundacionasturies.org\/psla\/sidracrucis\/#breadcrumb"},"inLanguage":"es","potentialAction":[{"@type":"ReadAction","target":["https:\/\/fundacionasturies.org\/psla\/sidracrucis\/"]}]},{"@type":"ImageObject","inLanguage":"es","@id":"https:\/\/fundacionasturies.org\/psla\/sidracrucis\/#primaryimage","url":"https:\/\/fundacionasturies.org\/psla\/wp-content\/uploads\/2024\/03\/IMG_20230407_183358-scaled.jpg","contentUrl":"https:\/\/fundacionasturies.org\/psla\/wp-content\/uploads\/2024\/03\/IMG_20230407_183358-scaled.jpg","width":2560,"height":1182},{"@type":"BreadcrumbList","@id":"https:\/\/fundacionasturies.org\/psla\/sidracrucis\/#breadcrumb","itemListElement":[{"@type":"ListItem","position":1,"name":"Portada","item":"https:\/\/fundacionasturies.org\/psla\/"},{"@type":"ListItem","position":2,"name":"Sidracrucis"}]},{"@type":"WebSite","@id":"https:\/\/fundacionasturies.org\/psla\/#website","url":"https:\/\/fundacionasturies.org\/psla\/","name":"","description":"","potentialAction":[{"@type":"SearchAction","target":{"@type":"EntryPoint","urlTemplate":"https:\/\/fundacionasturies.org\/psla\/?s={search_term_string}"},"query-input":"required name=search_term_string"}],"inLanguage":"es"}]}},"_links":{"self":[{"href":"https:\/\/fundacionasturies.org\/psla\/wp-json\/wp\/v2\/pages\/79","targetHints":{"allow":["GET"]}}],"collection":[{"href":"https:\/\/fundacionasturies.org\/psla\/wp-json\/wp\/v2\/pages"}],"about":[{"href":"https:\/\/fundacionasturies.org\/psla\/wp-json\/wp\/v2\/types\/page"}],"author":[{"embeddable":true,"href":"https:\/\/fundacionasturies.org\/psla\/wp-json\/wp\/v2\/users\/1"}],"replies":[{"embeddable":true,"href":"https:\/\/fundacionasturies.org\/psla\/wp-json\/wp\/v2\/comments?post=79"}],"version-history":[{"count":15,"href":"https:\/\/fundacionasturies.org\/psla\/wp-json\/wp\/v2\/pages\/79\/revisions"}],"predecessor-version":[{"id":1016,"href":"https:\/\/fundacionasturies.org\/psla\/wp-json\/wp\/v2\/pages\/79\/revisions\/1016"}],"wp:featuredmedia":[{"embeddable":true,"href":"https:\/\/fundacionasturies.org\/psla\/wp-json\/wp\/v2\/media\/143"}],"wp:attachment":[{"href":"https:\/\/fundacionasturies.org\/psla\/wp-json\/wp\/v2\/media?parent=79"}],"curies":[{"name":"wp","href":"https:\/\/api.w.org\/{rel}","templated":true}]}}