{"id":83,"date":"2024-03-21T08:19:50","date_gmt":"2024-03-21T07:19:50","guid":{"rendered":"http:\/\/fundacionasturies.org\/psla\/?page_id=83"},"modified":"2024-03-23T08:10:19","modified_gmt":"2024-03-23T07:10:19","slug":"actividades-infantiles","status":"publish","type":"page","link":"https:\/\/fundacionasturies.org\/psla\/actividades-infantiles\/","title":{"rendered":"Actividades Infantiles"},"content":{"rendered":"<style>\/*! elementor - v3.20.0 - 13-03-2024 *\/<br \/>.elementor-widget-image{text-align:center}.elementor-widget-image a{display:inline-block}.elementor-widget-image a img[src$=\".svg\"]{width:48px}.elementor-widget-image img{vertical-align:middle;display:inline-block}<\/style>\n<p style=\"text-align: center;\"><img fetchpriority=\"high\" decoding=\"async\" src=\"https:\/\/fundacionasturies.org\/psla\/wp-content\/uploads\/2024\/03\/IGP2308-anikina.jpg\" sizes=\"(max-width: 1500px) 100vw, 1500px\" srcset=\"https:\/\/fundacionasturies.org\/psla\/wp-content\/uploads\/2024\/03\/IGP2308-anikina.jpg 1500w, https:\/\/fundacionasturies.org\/psla\/wp-content\/uploads\/2024\/03\/IGP2308-anikina-300x199.jpg 300w, https:\/\/fundacionasturies.org\/psla\/wp-content\/uploads\/2024\/03\/IGP2308-anikina-1024x679.jpg 1024w, https:\/\/fundacionasturies.org\/psla\/wp-content\/uploads\/2024\/03\/IGP2308-anikina-768x509.jpg 768w\" alt=\"\" width=\"1500\" height=\"994\" \/><br \/>\n<span style=\"font-size: 18pt; font-family: arial, helvetica, sans-serif;\">Los ni\u00f1os siempre han sido protagonistas en la Primer Sidre l&#8217;A\u00f1u, queremos trasmitirles la cultura de la sidra y sobre todo, queremos que lo pasen bien. Para ello, hemos dise\u00f1ado un mont\u00f3n de actividades pensando en ellos en las que podr\u00e1n participar de manera gratuita.<\/span><\/p>\n<p style=\"text-align: center;\">\n<img decoding=\"async\" class=\"alignleft\" src=\"https:\/\/fundacionasturies.org\/psla\/wp-content\/uploads\/2024\/03\/sidrocole.jpg\" alt=\"\" width=\"319\" height=\"243\" \/><\/p>\n<p>&nbsp;<\/p>\n<p><span style=\"font-size: 14pt;\"><strong>MAYADA<\/strong><\/span><br \/>\n<span style=\"font-size: 14pt;\">Mayar la manzana en el duernu y prensarla luego para obtener su propia sidra dulce, como aut\u00e9nticos llagareros, es una de las actividades favoritas del p\u00fablico infantil.<\/span><br \/>\n<span style=\"font-size: 14pt;\">Despu\u00e9s compartir\u00e1n la sidra dulce que elaboren con sus familias.<\/span><\/p>\n<p>&nbsp;<\/p>\n<p>&nbsp;<\/p>\n<p><img decoding=\"async\" class=\"alignleft\" src=\"https:\/\/fundacionasturies.org\/psla\/wp-content\/uploads\/2024\/03\/IGP2109-anikina-300x199.jpg\" alt=\"\" width=\"320\" height=\"213\" \/><\/p>\n<p><span style=\"font-size: 14pt;\"><strong>JUEGOS Y DEPORTES TRADICIONALES<\/strong><\/span><br \/>\n<span style=\"font-size: 14pt;\">La rana, el tiro de cuerda, las carreras de sacos, la llave, los bolos &#8230; los juegos de siempre llevan entusiasmando a generaciones y siguen siendo divertidos.<\/span><br \/>\n<span style=\"font-size: 14pt;\">Tanto que muchas veces los adultos tambi\u00e9n se animan a participar.<\/span><\/p>\n<p>&nbsp;<\/p>\n<p>&nbsp;<\/p>\n<p><span style=\"font-size: 14pt;\"><strong>TALLER INFANTIL DE ESCANCIAR <img loading=\"lazy\" decoding=\"async\" class=\"alignleft\" src=\"https:\/\/fundacionasturies.org\/psla\/wp-content\/uploads\/2024\/03\/IGP1555-anikina-300x199.jpg\" alt=\"\" width=\"329\" height=\"218\" \/><\/strong><\/span><br \/>\n<span style=\"font-size: 14pt;\">Una botella de sidra llena de agua, un vaso, unas orientaciones y un poco de ayuda es todo lo que necesitan estos campeones para echar sus primeros culetes&#8230; algunos con m\u00e1s punter\u00eda que otros, pero siempre divertido.<\/span><br \/>\n<span style=\"font-size: 14pt;\">Tambi\u00e9n se har\u00e1 un peque\u00f1o concurso de escanciadores, en el que el estilo y las ganas puntuar\u00e1 mucho.<\/span><\/p>\n<p>&nbsp;<\/p>\n<p><strong><br \/>\n<img loading=\"lazy\" decoding=\"async\" class=\"alignleft\" src=\"https:\/\/fundacionasturies.org\/psla\/wp-content\/uploads\/2024\/03\/1680850509748-300x169.jpg\" alt=\"\" width=\"332\" height=\"187\" \/><\/strong><span style=\"font-size: 14pt;\"><strong>TALLER DE FABRICACI\u00d3N DE CESTOS<\/strong><\/span><\/p>\n<p><span style=\"font-size: 14pt;\">Aprender algo de las antiguas tradiciones y trabajos, a la vez que se lo pasan bien es una forma interesante de transmitir los conocimientos antiguos. En este caso, la t\u00e9cnica b\u00e1sica de elaboraci\u00f3n de \u00abpaxos\u00bb (cestos), ideales para recoger la manzana.<\/span><\/p>\n","protected":false},"excerpt":{"rendered":"<p>Los ni\u00f1os siempre han sido protagonistas en la Primer Sidre l&#8217;A\u00f1u, queremos trasmitirles la cultura de la sidra y sobre todo, queremos que lo pasen bien. Para ello, hemos dise\u00f1ado un mont\u00f3n de actividades pensando en ellos en las que podr\u00e1n participar de manera gratuita. &nbsp; MAYADA Mayar la manzana en el duernu y prensarla [&hellip;]<\/p>\n","protected":false},"author":1,"featured_media":0,"parent":0,"menu_order":0,"comment_status":"closed","ping_status":"closed","template":"elementor_header_footer","meta":{"footnotes":""},"class_list":["post-83","page","type-page","status-publish","hentry"],"yoast_head":"<!-- This site is optimized with the Yoast SEO plugin v22.3 - https:\/\/yoast.com\/wordpress\/plugins\/seo\/ -->\n<title>Actividades Infantiles -<\/title>\n<meta name=\"robots\" content=\"index, follow, max-snippet:-1, max-image-preview:large, max-video-preview:-1\" \/>\n<link rel=\"canonical\" href=\"https:\/\/fundacionasturies.org\/psla\/actividades-infantiles\/\" \/>\n<meta property=\"og:locale\" content=\"es_ES\" \/>\n<meta property=\"og:type\" content=\"article\" \/>\n<meta property=\"og:title\" content=\"Actividades Infantiles -\" \/>\n<meta property=\"og:description\" content=\"Los ni\u00f1os siempre han sido protagonistas en la Primer Sidre l&#8217;A\u00f1u, queremos trasmitirles la cultura de la sidra y sobre todo, queremos que lo pasen bien. Para ello, hemos dise\u00f1ado un mont\u00f3n de actividades pensando en ellos en las que podr\u00e1n participar de manera gratuita. &nbsp; MAYADA Mayar la manzana en el duernu y prensarla [&hellip;]\" \/>\n<meta property=\"og:url\" content=\"https:\/\/fundacionasturies.org\/psla\/actividades-infantiles\/\" \/>\n<meta property=\"article:modified_time\" content=\"2024-03-23T07:10:19+00:00\" \/>\n<meta property=\"og:image\" content=\"https:\/\/fundacionasturies.org\/psla\/wp-content\/uploads\/2024\/03\/IGP2308-anikina.jpg\" \/>\n<meta name=\"twitter:card\" content=\"summary_large_image\" \/>\n<meta name=\"twitter:label1\" content=\"Tiempo de lectura\" \/>\n\t<meta name=\"twitter:data1\" content=\"1 minuto\" \/>\n<script type=\"application\/ld+json\" class=\"yoast-schema-graph\">{\"@context\":\"https:\/\/schema.org\",\"@graph\":[{\"@type\":\"WebPage\",\"@id\":\"https:\/\/fundacionasturies.org\/psla\/actividades-infantiles\/\",\"url\":\"https:\/\/fundacionasturies.org\/psla\/actividades-infantiles\/\",\"name\":\"Actividades Infantiles -\",\"isPartOf\":{\"@id\":\"https:\/\/fundacionasturies.org\/psla\/#website\"},\"primaryImageOfPage\":{\"@id\":\"https:\/\/fundacionasturies.org\/psla\/actividades-infantiles\/#primaryimage\"},\"image\":{\"@id\":\"https:\/\/fundacionasturies.org\/psla\/actividades-infantiles\/#primaryimage\"},\"thumbnailUrl\":\"https:\/\/fundacionasturies.org\/psla\/wp-content\/uploads\/2024\/03\/IGP2308-anikina.jpg\",\"datePublished\":\"2024-03-21T07:19:50+00:00\",\"dateModified\":\"2024-03-23T07:10:19+00:00\",\"breadcrumb\":{\"@id\":\"https:\/\/fundacionasturies.org\/psla\/actividades-infantiles\/#breadcrumb\"},\"inLanguage\":\"es\",\"potentialAction\":[{\"@type\":\"ReadAction\",\"target\":[\"https:\/\/fundacionasturies.org\/psla\/actividades-infantiles\/\"]}]},{\"@type\":\"ImageObject\",\"inLanguage\":\"es\",\"@id\":\"https:\/\/fundacionasturies.org\/psla\/actividades-infantiles\/#primaryimage\",\"url\":\"https:\/\/fundacionasturies.org\/psla\/wp-content\/uploads\/2024\/03\/IGP2308-anikina.jpg\",\"contentUrl\":\"https:\/\/fundacionasturies.org\/psla\/wp-content\/uploads\/2024\/03\/IGP2308-anikina.jpg\",\"width\":1500,\"height\":994},{\"@type\":\"BreadcrumbList\",\"@id\":\"https:\/\/fundacionasturies.org\/psla\/actividades-infantiles\/#breadcrumb\",\"itemListElement\":[{\"@type\":\"ListItem\",\"position\":1,\"name\":\"Portada\",\"item\":\"https:\/\/fundacionasturies.org\/psla\/\"},{\"@type\":\"ListItem\",\"position\":2,\"name\":\"Actividades Infantiles\"}]},{\"@type\":\"WebSite\",\"@id\":\"https:\/\/fundacionasturies.org\/psla\/#website\",\"url\":\"https:\/\/fundacionasturies.org\/psla\/\",\"name\":\"\",\"description\":\"\",\"potentialAction\":[{\"@type\":\"SearchAction\",\"target\":{\"@type\":\"EntryPoint\",\"urlTemplate\":\"https:\/\/fundacionasturies.org\/psla\/?s={search_term_string}\"},\"query-input\":\"required name=search_term_string\"}],\"inLanguage\":\"es\"}]}<\/script>\n<!-- \/ Yoast SEO plugin. -->","yoast_head_json":{"title":"Actividades Infantiles -","robots":{"index":"index","follow":"follow","max-snippet":"max-snippet:-1","max-image-preview":"max-image-preview:large","max-video-preview":"max-video-preview:-1"},"canonical":"https:\/\/fundacionasturies.org\/psla\/actividades-infantiles\/","og_locale":"es_ES","og_type":"article","og_title":"Actividades Infantiles -","og_description":"Los ni\u00f1os siempre han sido protagonistas en la Primer Sidre l&#8217;A\u00f1u, queremos trasmitirles la cultura de la sidra y sobre todo, queremos que lo pasen bien. Para ello, hemos dise\u00f1ado un mont\u00f3n de actividades pensando en ellos en las que podr\u00e1n participar de manera gratuita. &nbsp; MAYADA Mayar la manzana en el duernu y prensarla [&hellip;]","og_url":"https:\/\/fundacionasturies.org\/psla\/actividades-infantiles\/","article_modified_time":"2024-03-23T07:10:19+00:00","og_image":[{"url":"https:\/\/fundacionasturies.org\/psla\/wp-content\/uploads\/2024\/03\/IGP2308-anikina.jpg"}],"twitter_card":"summary_large_image","twitter_misc":{"Tiempo de lectura":"1 minuto"},"schema":{"@context":"https:\/\/schema.org","@graph":[{"@type":"WebPage","@id":"https:\/\/fundacionasturies.org\/psla\/actividades-infantiles\/","url":"https:\/\/fundacionasturies.org\/psla\/actividades-infantiles\/","name":"Actividades Infantiles -","isPartOf":{"@id":"https:\/\/fundacionasturies.org\/psla\/#website"},"primaryImageOfPage":{"@id":"https:\/\/fundacionasturies.org\/psla\/actividades-infantiles\/#primaryimage"},"image":{"@id":"https:\/\/fundacionasturies.org\/psla\/actividades-infantiles\/#primaryimage"},"thumbnailUrl":"https:\/\/fundacionasturies.org\/psla\/wp-content\/uploads\/2024\/03\/IGP2308-anikina.jpg","datePublished":"2024-03-21T07:19:50+00:00","dateModified":"2024-03-23T07:10:19+00:00","breadcrumb":{"@id":"https:\/\/fundacionasturies.org\/psla\/actividades-infantiles\/#breadcrumb"},"inLanguage":"es","potentialAction":[{"@type":"ReadAction","target":["https:\/\/fundacionasturies.org\/psla\/actividades-infantiles\/"]}]},{"@type":"ImageObject","inLanguage":"es","@id":"https:\/\/fundacionasturies.org\/psla\/actividades-infantiles\/#primaryimage","url":"https:\/\/fundacionasturies.org\/psla\/wp-content\/uploads\/2024\/03\/IGP2308-anikina.jpg","contentUrl":"https:\/\/fundacionasturies.org\/psla\/wp-content\/uploads\/2024\/03\/IGP2308-anikina.jpg","width":1500,"height":994},{"@type":"BreadcrumbList","@id":"https:\/\/fundacionasturies.org\/psla\/actividades-infantiles\/#breadcrumb","itemListElement":[{"@type":"ListItem","position":1,"name":"Portada","item":"https:\/\/fundacionasturies.org\/psla\/"},{"@type":"ListItem","position":2,"name":"Actividades Infantiles"}]},{"@type":"WebSite","@id":"https:\/\/fundacionasturies.org\/psla\/#website","url":"https:\/\/fundacionasturies.org\/psla\/","name":"","description":"","potentialAction":[{"@type":"SearchAction","target":{"@type":"EntryPoint","urlTemplate":"https:\/\/fundacionasturies.org\/psla\/?s={search_term_string}"},"query-input":"required name=search_term_string"}],"inLanguage":"es"}]}},"_links":{"self":[{"href":"https:\/\/fundacionasturies.org\/psla\/wp-json\/wp\/v2\/pages\/83","targetHints":{"allow":["GET"]}}],"collection":[{"href":"https:\/\/fundacionasturies.org\/psla\/wp-json\/wp\/v2\/pages"}],"about":[{"href":"https:\/\/fundacionasturies.org\/psla\/wp-json\/wp\/v2\/types\/page"}],"author":[{"embeddable":true,"href":"https:\/\/fundacionasturies.org\/psla\/wp-json\/wp\/v2\/users\/1"}],"replies":[{"embeddable":true,"href":"https:\/\/fundacionasturies.org\/psla\/wp-json\/wp\/v2\/comments?post=83"}],"version-history":[{"count":8,"href":"https:\/\/fundacionasturies.org\/psla\/wp-json\/wp\/v2\/pages\/83\/revisions"}],"predecessor-version":[{"id":857,"href":"https:\/\/fundacionasturies.org\/psla\/wp-json\/wp\/v2\/pages\/83\/revisions\/857"}],"wp:attachment":[{"href":"https:\/\/fundacionasturies.org\/psla\/wp-json\/wp\/v2\/media?parent=83"}],"curies":[{"name":"wp","href":"https:\/\/api.w.org\/{rel}","templated":true}]}}